Let f be (-38)/k*(1 + -9). Suppose -w + f = w. Is w composite?
False
Suppose m = -y + 12786, y + 11054 = 2*m - 14503. Is m a prime number?
True
Let j be 8/3 - 16/24. Suppose d - j*d = 6. Is 2/d - (-1794)/9 a composite number?
False
Suppose x - 1536 + 196 = 0. Let l = 5 - 7. Is (x/8)/(l/(-4)) prime?
False
Let n(a) = -6*a + 425. Is n(12) prime?
True
Suppose 49*b = 34*b + 139305. Is b a composite number?
True
Suppose 2*j - 13120 = 2*i, 28507 + 4320 = 5*j + 4*i. Is j a prime number?
True
Let i = -10 - -12. Suppose -i*a + 1 = -a. Is 3 - -249*a - -1 a prime number?
False
Let m(p) = 0 + 4*p + 4 + 2 - 3*p. Let q be m(-2). Suppose -5*w - 815 - 318 = -3*r, -2*r - q*w + 726 = 0. Is r prime?
False
Let n be 1 + -1 + 0 + 2. Suppose 17 = d + 5*q, -3*q = 2*d - q - n. Is ((-54)/d - -1) + 2 composite?
True
Suppose -4*v = 2*w, 6 = -2*w + 4*v + 30. Is 1195*2/12 + w/(-36) composite?
False
Is (-2)/(3038266/(-253187) - -12) composite?
False
Suppose -9 = -5*j + 1. Suppose 3*u - j*u - 5*h = -15, 3*h - 9 = 2*u. Suppose 5*o = 4*i + 789, u*o = -o - 2*i + 169. Is o composite?
True
Let h(j) = 7803*j + 1354. Is h(13) composite?
False
Let z be 45/(-35) - 4/(-14). Let h(m) = -3*m. Let q be h(z). Is (290 - -6) + q*-1 prime?
True
Suppose y + 3*h - 3191 = 5981, 45890 = 5*y + 5*h. Is y composite?
False
Suppose -4*t + 5756 = -4*z, -t = 5*z - 2*z - 1447. Suppose -w + t = -4*o, -4*w + 3*w - 2*o + 1441 = 0. Is w a prime number?
False
Let d(t) be the third derivative of 1/6*t**5 + 0 + 0*t - 8*t**2 - 2*t**3 + 1/12*t**4 - 1/120*t**6. Is d(9) composite?
True
Is (-3719)/(3*(-6)/18) prime?
True
Suppose -5*s + 13 = -17. Let u be (s/10)/(1/5). Suppose 0 = u*q - q - 20. Is q composite?
True
Suppose 0 = -4*d - 4*g - 109024, 5*d + 96258 + 40022 = -3*g. Is 2/10 - (d/20 + 6) a prime number?
False
Let q be ((-4)/(-12))/(1/(-9)). Let k(h) = -h - 2. Let c be k(q). Is 2 - (-196 - (3 + c)) a prime number?
False
Let z(n) = -6*n + 15*n + 6*n + 2*n - 13. Let p be ((-2)/4)/(3/(-36)). Is z(p) prime?
True
Let x = 95 + -58. Is x prime?
True
Let g(a) = 7*a**3 + 8*a**2 + 73*a + 7. Is g(17) composite?
False
Let u be 6/((-6)/40 - 0). Let f be (-2)/8 + (-90)/u. Suppose 0 = -f*t, 0 = -4*x - t - 3 + 127. Is x prime?
True
Suppose 13*q + 2*q = 20415. Is q prime?
True
Suppose f - 2*f = 3*r + 92, -4*r - 5*f - 130 = 0. Let i = r + 265. Is i prime?
False
Let b = -205 + 827. Suppose 0 = r + 3*j - 143, 2*j - b = -5*r + r. Let g = r + -91. Is g prime?
True
Let h(v) = 155*v**2 + 24*v + 6. Is h(5) composite?
False
Let a(h) = 105*h**2 - 6*h + 7. Suppose 0 = 2*x - 3*o + 2, 5*x - x + 4*o = -24. Is a(x) composite?
True
Suppose 4*r - 2*b - 3*b = 3, 2*b + 15 = -3*r. Let f(t) = 8*t**2 - 2*t + 3. Let h be f(r). Let v = 140 - h. Is v a prime number?
True
Let x(z) = -2*z**2 - 9*z - 22. Let m be x(-10). Let q = 175 - m. Is q composite?
False
Is ((-3)/2)/(180/(-3190920)) a prime number?
True
Suppose -4*z + 121339 - 8891 = -3*h, -4*h = 3*z - 84361. Is z a composite number?
True
Suppose -430*b = -427*b - 95871. Is b composite?
False
Let s(z) = 11*z + 23. Let k(q) be the second derivative of 23*q**3/6 + 47*q**2/2 - 9*q. Let c(f) = 4*k(f) - 9*s(f). Is c(-10) composite?
True
Suppose 717856 = 13*r + 19*r. Is r a composite number?
False
Let h be ((-3)/(-4))/((-20)/240). Let u(t) = -41*t + 8. Is u(h) prime?
False
Suppose 3*w + w - 104 = 0. Let y = -23 + w. Suppose 5*f = y*f + 86. Is f prime?
True
Suppose 0 = 4*t - 3 - 1. Is (-1)/2*(t + -13) prime?
False
Let n(b) = -b**2 + b + 3. Let q be n(-2). Let t = 8 + q. Suppose -3*y + 88 + 1015 = -2*g, -t*y = -2*g - 1833. Is y prime?
False
Let m = 2 - 6. Let b be 0/2 + (-1 - m). Suppose -j - 32 + 145 = -2*v, 5*j - 593 = b*v. Is j composite?
True
Suppose -7*m + 16*m = 32013. Is m composite?
False
Let k(j) = 8 + 128*j + 3*j - 20 + 5. Let t be k(4). Suppose -2*g = -t - 369. Is g a prime number?
True
Suppose -5*d - 11 = -21. Suppose y + 2*s - 129 = 0, 107 = y - 4*s + d. Is y a prime number?
False
Let g(v) = -127*v**2 - 21*v + 2. Let w be g(-7). Is (-2*8/16)/(2/w) prime?
True
Suppose 0 = c + 2*c. Suppose m = 4 - c. Is (m + 134/(-6))*-3 composite?
True
Let b(a) = a**2 + a - 2. Let h be b(-2). Let s be 2 + (3 - h - 3). Suppose s*t = 4*k - 516, -t = -5*k + 417 + 222. Is k a prime number?
True
Let g = 7369 - -1984. Is g a composite number?
True
Let n(z) = 12*z**2 + 15*z + 25. Suppose -14*l = -11*l + 30. Let p be n(l). Suppose -j - p = -6*j. Is j a composite number?
True
Let a(d) = 6*d**2 - 7*d + 2. Let z be a(6). Suppose 2*g = 5*o + 73 + z, 5*o = 5*g - 600. Let l = 340 - g. Is l prime?
True
Let m(h) be the first derivative of -h**4/24 + 205*h**3/6 - 7*h**2/2 + 2. Let a(s) be the second derivative of m(s). Is a(0) a prime number?
False
Let w(p) = 5*p**3 - p**2 - 4*p + 5. Let y(f) = f**3 - f**2 + f. Let j(t) = -w(t) + 4*y(t). Suppose 0 = -2*n - 3*n, k + 8 = 4*n. Is j(k) composite?
False
Let a(i) = i**2 + 8*i + 45 - 43 + i**2. Is a(-12) a prime number?
False
Let q = 516 - 520. Let f be (2/(-4))/((-1)/12). Is q/f*(-2355)/10 composite?
False
Suppose 0 = -37*l - 73997 + 525360. Is l a composite number?
True
Let g = -14 + 19. Suppose -327 = -3*d - g*w, 6 = d - 4*w - 86. Let a = 193 - d. Is a prime?
True
Suppose -956 = -b + 3*u, 4*b = 15*u - 11*u + 3816. Is b composite?
False
Let b(c) = 247*c**2 - 2*c - 23. Is b(-4) composite?
True
Let a(l) = 0 - l**2 - 74*l + 80*l + 1. Let y be a(5). Suppose 5*o = -y*u + 2*u + 281, -o + 45 = -2*u. Is o prime?
True
Let f be (7 - 3) + 2 + -2. Suppose f = 2*a - 6. Suppose 0 = -l - a*t + 64, 5*l - 184 - 158 = -3*t. Is l a prime number?
False
Suppose h + 12*u - 14*u - 113 = 0, -2*h + 221 = -5*u. Is h a prime number?
False
Let x be 826/35 - 2/(-5). Let r be 1461/(-4) - (-6)/x. Is r/(-3) - 3/(-9) a composite number?
True
Let y be 405/54*(-4)/3. Is (452/(-6))/(0 - y/(-15)) composite?
False
Suppose -y + 14 = 5*g, -6 = -2*y + 3*y - 5*g. Let f(v) = -4 - 3*v - y*v - 2 + 0. Is f(-11) prime?
True
Let s = 4084 + 6739. Is s prime?
False
Let h be -6*(-1 - 0/(-2)). Let a be 2/(-4)*h + 761. Suppose 288 = -5*w + a. Is w prime?
False
Let u = 363 + 1294. Is u composite?
False
Suppose o = 4*j + 1104, -4*o + 0*o = 4*j - 4476. Suppose 8*v - o = 11*v. Let l = v - -587. Is l composite?
True
Let j(c) = 55*c + 18. Is j(7) a composite number?
True
Suppose 8*i - 51483 = 79949. Is i composite?
True
Let k(u) = -835*u + 168. Is k(-19) a composite number?
False
Let u be 9 - -1 - (-30)/(-15). Let i be 413/4 - 2/u. Suppose -k + 24 = -i. Is k composite?
False
Let s(b) = -4*b**3 - 20*b**2 - 8*b + 45. Is s(-13) composite?
False
Let w = 17 - 14. Suppose -y = -5*o - 633, w*y - 5*o - 282 = 1617. Suppose -3*x = -6*x + y. Is x prime?
True
Is 8156*5/20 + 8 a prime number?
False
Suppose 0 = 4*n - 1977 + 157. Suppose 4*w - n = -w. Is w a prime number?
False
Suppose -3*g - 3*v = -2499, 4*g - 3324 = -2*v - 0*v. Let s = g + -432. Is s composite?
False
Is (-3)/((-6)/(-2))*-1567 prime?
True
Is 7479/15 + 26/65 - -3 prime?
False
Suppose 4*r + 5*i - 28764 = r, 3*r + 3*i - 28770 = 0. Suppose 5*f - 26822 - r = 0. Is f prime?
True
Let b = 18861 - -28322. Is b a composite number?
True
Let s = -578 + 361. Suppose 0 = k + 2*k + 4*u + 100, 4*u + 140 = -4*k. Let w = k - s. Is w composite?
True
Let m be -6 - -17 - (-9)/(-3). Let a = m + -30. Is a/((-5)/70*4) a composite number?
True
Let p(b) be the first derivative of -b**4/4 + 4*b**3 - 3*b**2 - 8*b - 4. Let i be p(9). Suppose 5*m = 3*u + 961, 2*m - 5*u + i = 3*m. Is m composite?
False
Suppose 0 = 11*h - 12*h + 289. Suppose 0 = 5*k - h - 241. Is k a prime number?
False
Let u = 22 - 12. Suppose -8*z + u*z + 28 = 0. Is (2/(-1))/(z/259) a composite number?
False
Suppose -3*m + 1903 = 5*c, 32*m - 30*m = 5*c + 1252. Is m a composite number?
False
Let v(f) = 34*f**3 + 3*f**2 - 43. Is v(6) prime?
False
Suppose 54*l + 907030 = 2546848. Is l prime?
True
Suppose 26949 + 32657 = 2*m. Is m composite?
False
Let a = -244 + 163. Let q be a - 10 - (0 + 1). Let p = 181 + q. Is p prime?
True
Let y(v) = 71*v**3 + 10*v**2 + 9*v - 21. Is y(8) prime?
False
Let r(c) = -8*c + 9*c + 7*c**2 + 10*c + 1. Suppose 5*v = -7*m + 6*m - 23, -17 = m + 3*v. Is r(m) a prime number?
False
Let r be (0 - -4)*(-7)/(-14). Suppose -r*g - 3701 = -5*w, 3*w + g + 742 = 4*w. Is w prime?
True
Is (((-6)/(-9))/2)/((-5)/(-1288335)) a prime number?